+ g. List the prime factors of b.
3, 17
Let u(w) be the first derivative of 3*w**2 + 25 + 10/3*w**3 - w. What are the prime factors of u(-4)?
3, 5
List the prime factors of 11501/20 + 1/(-20) + -7.
2, 71
Let y = 19922 + -6631. List the prime factors of y.
13291
Suppose -1608 = -4*h + 552. Let f = h - -2. What are the prime factors of f?
2, 271
Let i(p) = 4*p**3 - 119*p**2 + 45*p + 295. What are the prime factors of i(37)?
3, 1543
Let d(q) be the third derivative of q**6/30 + 14*q**2. Let s be d(1). List the prime factors of (-42)/(-21)*26/s.
13
Let s(p) = -44*p**3 + p**2 - p - 1. Let g be s(-1). What are the prime factors of (g/75)/(2 - (-4167)/(-2085))?
3, 139
Suppose -2*u = -3*a - 645, 0*a + 1632 = 5*u - a. Let m = u + -198. What are the prime factors of m + -1*4/4?
2
Let d = -489 - -490. Suppose -4*p - z + 16 = 3*z, 11 = 5*p - 4*z. What are the prime factors of -282*(d/((-3)/(-8)) - p)?
2, 47
List the prime factors of 267*(13 + 4 + 18/(-3)).
3, 11, 89
Let g(c) be the second derivative of c**4/4 + 14*c**3/3 - 40*c**2 - 189*c - 1. List the prime factors of g(-27).
7, 193
Let g = 24 + -23. Let i be ((-6)/3 - -65)*g. Let p = -12 + i. List the prime factors of p.
3, 17
Let m = 3 + -2. Suppose 3*u = -5*a - 29, -4*u + 5*a + 7 = -1. List the prime factors of 16 - (u - (-3)/m).
2
Let m = 33 - 60. Let o = 33 + m. List the prime factors of o/(-9)*-51*1.
2, 17
Suppose 2*w + 0*w + 3*z + 24 = 0, 0 = -2*w + 4*z - 10. Let k(b) = -4*b - 3. Let g be k(w). Let p = g - -25. What are the prime factors of p?
2, 29
List the prime factors of (-432 - 106)*(-83)/2.
83, 269
Suppose -h = 3 - 7. Let b(i) be the first derivative of 4*i**3 - i**2 - 3*i + 73. What are the prime factors of b(h)?
181
Let f be 2 + (-3 - -3)/(-5). Let j(x) = 5*x - 9. Let a be j(f). List the prime factors of 2/1 - (a - (-4 + 124)).
11
Suppose -43570 = -5*u + 162*m - 167*m, -34858 = -4*u - 5*m. List the prime factors of u.
2, 3, 11
Let t(r) = -r**2 - r - 14. Let x be t(11). Let k = -58 - x. List the prime factors of k.
2, 11
Let u(g) = -g**3 + 15*g**2 - 12*g - 17. Let c be u(9). Suppose 5*h + 740 = 5*k, 61 = -2*k + h + c. Let n = k + 45. What are the prime factors of n?
197
Let d(k) = k**3 - 16*k**2 - 17*k + 2. Let j be d(17). Suppose 2 = 4*m - 0*m + 5*t, -j*m = -2*t + 8. What are the prime factors of (3/m - 87/(-2)) + -3?
3, 13
Let s(a) be the second derivative of 3*a**3/2 - 15*a**2/2 - 65*a - 2. List the prime factors of s(8).
3, 19
Let q(k) = 5*k**3 + 17*k**2 - 333*k + 53. List the prime factors of q(15).
2, 7879
Suppose 3*j = 2*u + 20, 2*j - 5*u - 10 - 18 = 0. Suppose 0 = j*l - h - 212, 0*h - 53 = -l + 2*h. List the prime factors of l.
53
Let x be (3296/5)/((-3)/15). Let c be (x/(-112))/((-2)/(-14)). Suppose -10*j + c - 86 = 0. List the prime factors of j.
2, 3
Let a(v) be the first derivative of -142*v**2 + 43*v + 84. What are the prime factors of a(-3)?
5, 179
Let z be (-1 - -65)*2*(-3)/6. Let r = -61 - z. List the prime factors of (-8)/((1/6)/(r/(-9))).
2
Suppose -275*w + 26453299 - 9421974 = -7206625. What are the prime factors of w?
2, 127, 347
Suppose 0 = -4*y - 22 + 1038. Let j = -27 - 93. Let a = j + y. List the prime factors of a.
2, 67
Let w = 35 - -204. Let s = 107 - w. Let n = -59 - s. List the prime factors of n.
73
Let g = -1551 - -4625. What are the prime factors of g?
2, 29, 53
Suppose d = -426 - 24. Let y = -143 - d. What are the prime factors of y?
307
Let v be 86*1 + 5*12/(-30). Let n = 321 + -153. Suppose n*i = 165*i + v. What are the prime factors of i?
2, 7
List the prime factors of -3 - -10 - (-4025 + -3)/(-9 + 11).
43, 47
Let p = 98908 - 51100. Suppose -31*n = 17*n - p. List the prime factors of n.
2, 3, 83
Suppose 0 = -0*t - t + 4*v + 24, 4*v - 76 = -4*t. Let p(z) = 16*z + 39. What are the prime factors of p(t)?
359
Let u = 47 - 45. Let x(o) = -14 + 4*o + 12 + o**3 - 3*o**3 + 12*o**u. List the prime factors of x(6).
2, 11
List the prime factors of (1275/(-10) + -4)*(-66 + -68).
67, 263
Let v(z) = z**2 + 6*z - 20. Let y be v(-9). Let q be (-13)/((-2)/y - 90/(-70)). Let m = q + 34. What are the prime factors of m?
3, 7
Let c(l) = -7*l + 20. Let t = 81 + -65. Suppose -q + 4 = t. List the prime factors of c(q).
2, 13
Suppose 0 = 20*v - 128958 + 7678. Suppose 43*p = 59*p - v. What are the prime factors of p?
379
Let y = 729 + -372. Let u = 252 + -51. Suppose 6*n - y = u. List the prime factors of n.
3, 31
Suppose 6 - 413 = -i. Let h = 583 - i. What are the prime factors of h?
2, 11
Let j(t) = 5*t**2 - 111*t - 596. What are the prime factors of j(68)?
2, 3, 13
Suppose 2*u + 1242 = h, -12*u + 13*u - 5*h = -630. What are the prime factors of u/(-3)*-36*13/(-195)?
2, 31
Let d(x) = -74*x - 16. Let n be d(-6). Suppose -5*q = -q - n. Suppose -2*l + 214 = 2*j, 2*j = l - 0*j - q. What are the prime factors of l?
107
Let j = -2908 + 5958. What are the prime factors of j?
2, 5, 61
Let b be (3/(54/(-60)))/(8/(-12)). Suppose b*p = 18*p - 11960. What are the prime factors of p?
2, 5, 23
Let g(i) = 1135*i - 1274. List the prime factors of g(5).
3, 163
Let v = -294 - -425. Let b = 907 + -822. Let c = v - b. What are the prime factors of c?
2, 23
Let a = 1524 + -991. Suppose d - a = -2*j, 4*j - 5*d + 789 = 7*j. What are the prime factors of j?
2, 67
Let t = -963 + 2623. List the prime factors of (t/(-30))/(1/(-6)).
2, 83
Suppose -57*p + 48 = -41*p. Suppose -25 = p*i - 8*i, 0 = -3*n - 2*i + 6106. What are the prime factors of n?
2, 127
List the prime factors of 36/20 + 14 + (-323193)/(-15).
2, 10781
Let u = -16 + -12. Let l = 65 + u. Suppose t - l = 3*r, -5*t = r + 4*r - 165. List the prime factors of t.
2, 17
Suppose -38 - 7 = -9*r. Suppose -22 + 9 = -2*s - g, -r*s + g + 29 = 0. What are the prime factors of 196/4 + -1 + s?
2, 3
Suppose -4*q = -2*o - 1084, -4*o = 4*q + o - 1084. List the prime factors of q.
271
Suppose -2*q + 12 = 0, -5*q = -h + 4861 + 868. List the prime factors of h.
13, 443
Suppose -o - 17*v + 18*v = -393, 2*o + 2*v - 782 = 0. What are the prime factors of o?
2, 7
Let g = -169 + 175. Let a(l) = 5*l**3 + l**2 + 20*l - 47. List the prime factors of a(g).
29, 41
What are the prime factors of 6928816/400 + (-2)/50?
2, 3, 2887
Suppose -1235*g + 727855 = -1212*g - 504508. List the prime factors of g.
11, 4871
Suppose 1681479 = 192*f - 4168015 + 1365526. What are the prime factors of f?
2, 11677
Suppose 0 = c + 475 - 3046. Suppose 0 = -26*j + 30911 - c. List the prime factors of j.
2, 5, 109
Suppose 250229 + 525733 = 22*g. List the prime factors of g.
3, 3919
Let m(g) = -g**2 + 6*g + 5. Let q be 26/(-169) + (-160)/(-26). Let b be m(q). Suppose 1045 = 5*v - b*p, -v + p + p = -207. List the prime factors of v.
211
Let w(u) = -3*u + 15. Suppose 2*s = 5*s - 12. Let y be 0/(-4*(-2)/s). List the prime factors of w(y).
3, 5
Suppose -27*u = -40*u + 65. What are the prime factors of 1001 - (u + 7/((-7)/6))?
2, 3, 167
Let y(n) = -n**3 + n**2 - n - 6. Let v be y(-7). Suppose -3*q + i = -0*i + 229, 5*q + 4*i + v = 0. Let o = -3 - q. What are the prime factors of o?
2, 37
Let a(t) = 7*t**3 + 6*t**2 + t - 1. Let n(b) = 5*b**3 + 2*b**2 - 1. Let x(y) = 2*a(y) - 3*n(y). Let w be -2 - -2*2/(-4). List the prime factors of x(w).
2, 19
Suppose 0 = 3*h - y - 87 - 131, -5*h + y = -362. Suppose 25*l = 24*l + 47. Let g = h - l. List the prime factors of g.
5
Suppose 3*o + 4*d = 43375, 8*d + 57908 = 4*o + 4*d. What are the prime factors of o?
3, 7, 13, 53
What are the prime factors of (6630/5967)/((-2)/(-14274))?
2, 5, 13, 61
Suppose 4*v - 16 + 64 = -2*y, 3*y + 5*v + 77 = 0. Let p(j) = -22*j - 34. List the prime factors of p(y).
2, 3, 7, 17
List the prime factors of (3*2154/18*-45)/(-1).
3, 5, 359
Suppose 2*l + 8 = 48. Suppose 0 = -f + 3*s + 44, -5*s + s - l = 0. List the prime factors of (-7 + 1)*f*(-5)/10.
3, 29
Suppose -4*p - r = -87, -2*p + 46 = -r - 5. Let b = p - -7. List the prime factors of 2136/b + 3/(15/4).
2, 3
Let y(w) = 4*w - 25. Suppose 2*d + 3*t + 16 = 51, -37 = -4*d + 5*t. Suppose -11*v - 3*r = -10*v - d, -v = -2*r - 3. What are the prime factors of y(v)?
3
Suppose -i + 3 - 1 = 0, 5*d - 6 = 2*i. Suppose 64 - 1110 = -d*n. List the prime factors of n.
523
Suppose 2*b - 4*f - 8 = 0, 3*b - 12 = -f + 6*f. Suppose -b*r = -2*l + 3*l - 1615, 3*r = -3*l + 1218. What are the prime factors 